ate the remainder when 197883728 is divided by 920.
8
What is the remainder when 95486740 is divided by 175205?
15
Calculate the remainder when 439133 is divided by 109760.
93
What is the remainder when 119581 is divided by 4426?
79
What is the remainder when 182965 is divided by 30473?
127
Calculate the remainder when 437504165 is divided by 66.
65
Calculate the remainder when 406191 is divided by 863.
581
What is the remainder when 1385704 is divided by 11740?
384
What is the remainder when 5473034 is divided by 1368257?
6
Calculate the remainder when 49490 is divided by 24363.
764
Calculate the remainder when 374250 is divided by 4678.
10
What is the remainder when 2403042 is divided by 58608?
114
Calculate the remainder when 4197757 is divided by 16.
13
What is the remainder when 191903 is divided by 3358?
497
What is the remainder when 43393 is divided by 467?
429
What is the remainder when 8595552 is divided by 81?
75
Calculate the remainder when 361056 is divided by 51572.
52
What is the remainder when 806119 is divided by 1676?
1639
Calculate the remainder when 96617 is divided by 773.
765
What is the remainder when 184968 is divided by 71?
13
Calculate the remainder when 1115727 is divided by 4873.
4683
Calculate the remainder when 30441 is divided by 3327.
498
Calculate the remainder when 1106093 is divided by 489.
464
What is the remainder when 15750 is divided by 652?
102
Calculate the remainder when 15344708 is divided by 2445.
2333
Calculate the remainder when 562436 is divided by 98.
14
Calculate the remainder when 658960 is divided by 38762.
6
What is the remainder when 5691819 is divided by 369?
363
Calculate the remainder when 57893 is divided by 50185.
7708
What is the remainder when 9239599 is divided by 346?
15
What is the remainder when 10821115 is divided by 2423?
2420
What is the remainder when 57982694 is divided by 488?
486
Calculate the remainder when 148246 is divided by 14815.
96
Calculate the remainder when 3845112 is divided by 2560.
2552
Calculate the remainder when 886247 is divided by 389.
105
What is the remainder when 100258 is divided by 6282?
6028
What is the remainder when 46468 is divided by 573?
55
Calculate the remainder when 1532308 is divided by 9352.
7932
Calculate the remainder when 1293657648 is divided by 5093.
5090
What is the remainder when 77388 is divided by 24?
12
What is the remainder when 937192 is divided by 937029?
163
What is the remainder when 4574115 is divided by 10467?
36
Calculate the remainder when 391085950 is divided by 2586.
2584
Calculate the remainder when 80279 is divided by 80143.
136
Calculate the remainder when 1941597 is divided by 647182.
51
Calculate the remainder when 24109391 is divided by 76.
63
Calculate the remainder when 675985 is divided by 675983.
2
Calculate the remainder when 1098342 is divided by 774.
36
Calculate the remainder when 4027685 is divided by 737.
717
What is the remainder when 4891375 is divided by 2445686?
3
Calculate the remainder when 23504 is divided by 1111.
173
What is the remainder when 95193 is divided by 2441?
2435
Calculate the remainder when 36346482 is divided by 157344.
18
Calculate the remainder when 5613599 is divided by 104.
95
Calculate the remainder when 5341452 is divided by 818.
730
Calculate the remainder when 32276954 is divided by 76.
58
What is the remainder when 70207581 is divided by 183?
180
Calculate the remainder when 6300876 is divided by 107.
74
Calculate the remainder when 107506 is divided by 2849.
2093
What is the remainder when 49059629 is divided by 436?
37
What is the remainder when 67845399 is divided by 175?
174
Calculate the remainder when 1270798 is divided by 423582.
52
Calculate the remainder when 23673478 is divided by 166.
52
What is the remainder when 79813 is divided by 11?
8
What is the remainder when 7273011 is divided by 483?
480
What is the remainder when 10698927 is divided by 321?
318
Calculate the remainder when 424322689 is divided by 295.
294
Calculate the remainder when 135464004 is divided by 3134.
3122
Calculate the remainder when 5280 is divided by 1190.
520
Calculate the remainder when 4434113 is divided by 360.
353
What is the remainder when 30079952 is divided by 381?
2
What is the remainder when 26965 is divided by 147?
64
What is the remainder when 1234068 is divided by 176213?
577
What is the remainder when 5674 is divided by 73?
53
What is the remainder when 444385 is divided by 1259?
1217
What is the remainder when 51720195 is divided by 2819?
2
Calculate the remainder when 56837 is divided by 1161.
1109
What is the remainder when 196919843 is divided by 134?
9
Calculate the remainder when 564848609 is divided by 279.
275
What is the remainder when 30811923 is divided by 2330?
3
What is the remainder when 943420 is divided by 263?
39
Calculate the remainder when 576243 is divided by 57624.
3
What is the remainder when 206635093 is divided by 41327017?
8
Calculate the remainder when 91450 is divided by 3973.
71
What is the remainder when 3809100 is divided by 304?
284
Calculate the remainder when 272700279 is divided by 673.
6
What is the remainder when 747540 is divided by 2799?
207
What is the remainder when 5870470 is divided by 83?
46
Calculate the remainder when 210227 is divided by 12892.
3955
Calculate the remainder when 3614052 is divided by 627.
24
What is the remainder when 104107 is divided by 1312?
459
What is the remainder when 1322364 is divided by 66107?
224
Calculate the remainder when 795080 is divided by 8369.
25
What is the remainder when 100748005 is divided by 9?
7
What is the remainder when 45855 is divided by 22741?
373
Calculate the remainder when 12674313 is divided by 46426.
15
Calculate the remainder when 7878351 is divided by 393917.
11
What is the remainder when 108871 is divided by 36254?
109
What is the remainder when 3731788 is divided by 19639?
378
What is the remainder when 328055 is divided by 1353?
629
Calculate the remainder when 1923041 is divided by 531.
290
Calculate the remainder when 4373006 is divided by 847.
792
What is the remainder when 1049562 is divided by 2272?
2170
Calculate the remainder when 20785 is divided by 2594.
33
Calculate the remainder when 2682489 is divided by 230.
229
What is the remainder when 13061685 is divided by 277?
27
What is the remainder when 5440 is divided by 2530?
380
What is the remainder when 18868 is divided by 96?
52
What is the remainder when 5157086 is divided by 39?
38
What is the remainder when 16632817 is divided by 1991?
3
Calculate the remainder when 315982 is divided by 78993.
10
What is the remainder when 3892312 is divided by 8144?
7624
What is the remainder when 735444 is divided by 244633?
1545
What is the remainder when 21830095 is divided by 5162?
5159
Calculate the remainder when 4781384 is divided by 387.
386
What is the remainder when 9010978 is divided by 2252741?
14
What is the remainder when 1421103 is divided by 75?
3
Calculate the remainder when 79173448 is divided by 15.
13
Calculate the remainder when 9262596 is divided by 580.
576
Calculate the remainder when 10895712 is divided by 113.
26
What is the remainder when 9086 is divided by 725?
386
Calculate the remainder when 8106222 is divided by 75.
72
Calculate the remainder when 168397 is divided by 148.
121
Calculate the remainder when 78071 is divided by 103.
100
What is the remainder when 10871267 is divided by 114?
113
Calculate the remainder when 5120520 is divided by 1987.
21
Calculate the remainder when 133075 is divided by 33186.
331
What is the remainder when 15313095 is divided by 510436?
15
Calculate the remainder when 6264370 is divided by 2100.
70
What is the remainder when 24909214 is divided by 5254?
0
What is the remainder when 325072 is divided by 29514?
418
What is the remainder when 10846660 is divided by 570875?
35
Calculate the remainder when 31689 is divided by 7521.
1605
Calculate the remainder when 189402 is divided by 2743.
135
What is the remainder when 14470103 is divided by 1416?
1415
Calculate the remainder when 312268 is divided by 104030.
178
Calculate the remainder when 168525 is divided by 104.
45
Calculate the remainder when 759132 is divided by 1687.
1669
What is the remainder when 97548 